85456 and 200?
8
What is the highest common divisor of 406310 and 1230?
410
What is the highest common factor of 106024 and 232?
232
What is the greatest common divisor of 1326 and 1047?
3
Calculate the greatest common factor of 472 and 632.
8
What is the greatest common factor of 98 and 11015494?
98
What is the highest common divisor of 104 and 90328?
8
What is the greatest common divisor of 10 and 531605?
5
Calculate the greatest common divisor of 111 and 1628777.
37
What is the highest common divisor of 4434890 and 10?
10
What is the highest common divisor of 16 and 2872?
8
Calculate the greatest common divisor of 458182 and 772.
386
Calculate the highest common divisor of 42 and 34244.
14
Calculate the greatest common factor of 568947 and 549.
183
What is the highest common factor of 8965 and 1991?
11
Calculate the highest common divisor of 72 and 15464.
8
What is the greatest common factor of 18528 and 27744?
96
Calculate the highest common divisor of 19822 and 13090.
374
Calculate the greatest common factor of 296 and 280312.
296
What is the highest common factor of 7965 and 9450?
135
Calculate the highest common factor of 136771 and 4696.
587
Calculate the highest common divisor of 48 and 6451856.
16
Calculate the greatest common divisor of 133 and 1121589.
133
What is the greatest common divisor of 2 and 1296238?
2
What is the greatest common factor of 4554 and 322920?
414
Calculate the highest common factor of 429311 and 164.
41
Calculate the highest common divisor of 1353350 and 50.
50
Calculate the highest common divisor of 9 and 861453.
9
Calculate the highest common factor of 5883 and 16377.
159
What is the highest common factor of 623 and 13261?
89
Calculate the greatest common divisor of 26845 and 1183.
91
What is the greatest common divisor of 428 and 123692?
428
What is the highest common factor of 12958 and 88?
22
What is the highest common factor of 2056776 and 4128?
1032
Calculate the highest common divisor of 264744 and 90.
18
What is the highest common factor of 1692 and 78396?
564
What is the greatest common divisor of 54480 and 48?
48
Calculate the highest common divisor of 470974 and 70.
14
Calculate the highest common factor of 2704 and 77936.
16
What is the greatest common divisor of 98 and 25088?
98
Calculate the highest common divisor of 448539 and 93.
93
What is the greatest common factor of 74 and 13066402?
74
Calculate the highest common factor of 70 and 24836.
14
What is the highest common divisor of 18 and 1046637?
9
What is the highest common factor of 41462696 and 1828?
1828
Calculate the highest common factor of 173256 and 36.
12
What is the highest common factor of 1980 and 1489356?
396
Calculate the greatest common divisor of 145579 and 147.
49
Calculate the highest common divisor of 160 and 20304.
16
What is the highest common factor of 22 and 206173?
11
Calculate the highest common factor of 220 and 23260.
20
Calculate the highest common factor of 1202 and 2128141.
601
What is the highest common factor of 498 and 77522?
166
What is the greatest common divisor of 14 and 1430310?
14
What is the greatest common factor of 3874 and 92380?
298
What is the greatest common divisor of 30102 and 3741?
87
What is the greatest common factor of 80545 and 10?
5
Calculate the greatest common divisor of 2 and 1421.
1
Calculate the highest common factor of 7667 and 17.
17
What is the highest common divisor of 62114 and 104?
26
Calculate the greatest common factor of 328367 and 507.
169
What is the highest common divisor of 1615 and 4607?
17
Calculate the greatest common divisor of 15290 and 1946.
278
What is the highest common divisor of 1206 and 507?
3
What is the greatest common divisor of 119465 and 5?
5
What is the highest common divisor of 952 and 112404?
68
What is the greatest common factor of 2 and 6992?
2
What is the highest common divisor of 2080 and 7410?
130
Calculate the highest common divisor of 75140 and 11284.
52
Calculate the highest common factor of 38787 and 189.
21
What is the highest common divisor of 2937 and 65571?
33
What is the greatest common divisor of 123482 and 58?
58
What is the greatest common divisor of 9912 and 885?
177
What is the greatest common divisor of 392 and 360542?
98
Calculate the greatest common divisor of 282 and 987.
141
Calculate the highest common divisor of 266104 and 87.
29
Calculate the highest common factor of 1174 and 1900706.
1174
What is the highest common factor of 556063 and 7408?
463
What is the greatest common divisor of 772 and 696?
4
Calculate the highest common divisor of 5247 and 297.
99
What is the greatest common factor of 45 and 2655?
45
What is the greatest common divisor of 209130 and 40?
10
What is the highest common factor of 10 and 55730?
10
What is the greatest common divisor of 137080 and 5290?
230
Calculate the highest common factor of 45210 and 990.
330
What is the greatest common divisor of 238717 and 107?
107
What is the greatest common divisor of 7700065 and 5338?
2669
What is the highest common divisor of 133 and 1042454?
133
Calculate the greatest common factor of 7777 and 355621.
707
What is the greatest common divisor of 20944 and 35728?
1232
Calculate the greatest common factor of 2185 and 475.
95
What is the greatest common factor of 41538 and 1150?
46
What is the highest common divisor of 650 and 200?
50
Calculate the greatest common divisor of 120 and 11496.
24
What is the highest common divisor of 495262 and 1334?
58
What is the highest common divisor of 22748 and 376?
188
What is the greatest common divisor of 635 and 4926965?
635
What is the highest common divisor of 19316 and 4576?
44
What is the highest common divisor of 2 and 2658134?
2
What is the highest common divisor of 17500 and 455?
35
What is the greatest common divisor of 25382 and 15022?
518
What is the highest common divisor of 568 and 70858?
142
Calculate the greatest common divisor of 91 and 988.
13
Calculate the highest common divisor of 1144 and 154.
22
What is the greatest common divisor of 4550 and 5698?
14
What is the greatest common factor of 352 and 2664?
8
Calculate the greatest common divisor of 1361 and 12596055.
1361
What is the highest common divisor of 133 and 114779?
133
Calculate the highest common divisor of 962 and 80586.
74
What is the highest common factor of 123 and 14350?
41
What is the highest common factor of 20745 and 30?
15
Calculate the greatest common factor of 108410 and 2035.
185
What is the greatest common factor of 39 and 451828?
13
What is the highest common factor of 23 and 6002609?
23
Calculate the greatest common divisor of 40518 and 36.
18
What is the greatest common divisor of 6305 and 113945?
65
What is the greatest common factor of 70 and 535670?
10
What is the greatest common divisor of 10830 and 42?
6
Calculate the greatest common factor of 27729 and 93.
3
Calculate the greatest common factor of 7 and 39081.
7
What is the greatest common factor of 1873435 and 20?
5
Calculate the highest common divisor of 177485 and 2079.
77
What is the highest common divisor of 75 and 135825?
75
Calculate the greatest common factor of 50450 and 650.
50
What is the highest common factor of 9981642 and 66?
66
Calculate the highest common divisor of 17110 and 90422.
58
What is the greatest common factor of 80587 and 39?
13
What is the greatest common factor of 504 and 26775?
63
What is the greatest common factor of 51038 and 1510?
302
What is the greatest common divisor of 21197 and 2453071?
1927
What is the greatest common factor of 7056 and 936?
72
What is the highest common factor of 192 and 104896?
64
What is the greatest common divisor of 71451 and 51?
51
What is the greatest common factor of 73712 and 38624?
272
Calculate the highest common divisor of 350 and 293510.
70
Calculate the highest common factor of 19573 and 22747.
529
Calculate the greatest common divisor of 36800 and 3472.
16
Calculate the highest common divisor of 4795 and 210.
35
Calculate the highest common factor of 6125 and 3010.
35
What is the greatest common factor of 29016 and 8432?
248
Calculate the greatest common factor of 66 and 403986.
66
What is the greatest common divisor of 378180 and 264?
132
Calculate the highest common divisor of 25 and 20665.
5
Calculate 